luate 3 - 67 - (671 + -718).
-17
Calculate 42 - (3 + 15 - (-28 - (-33 - 0))).
29
Calculate 24 - (-19 + 30 + 43).
-30
What is (9 - (-13 + 3 - 20)) + 64?
103
Evaluate (-3 - -14 - (59 - 19)) + -7 - -8 - 2.
-30
Calculate -8 - (-66 + (45 - (3 + 17))).
33
2 + -1 - ((-17 - -22) + 114 + (12 - 4))
-126
-89 - -98 - (-3 + -1 + (-3 - (2 + -14)))
4
What is -4 - -1 - (4 + -11) - (-5 - (-38 - -28))?
-1
What is the value of (66 - -22) + -68 + -1 + -5?
14
Calculate (-9 - 1) + 7 + (-2 - 15) + 5 + 10.
-5
What is the value of (42 - (11 + -14 - -21)) + 20?
44
What is the value of -1 + (-12 - 1) + 191 + -43 + -133?
1
Evaluate -17 + (-19 + 22 - -3) - 16.
-27
Evaluate (-4 - -6 - 10) + -5 + (27 - 6) - -3.
11
Evaluate -48 + 4 + 3 + (8 - 22 - -10).
-45
-2 - (31 + 3 + -3 + 6)
-39
What is the value of -3 + -2 + 2 + -72 + (-10 - -96) + -39?
-28
What is the value of 9 - ((19 - (6 - 7)) + -2)?
-9
What is (-571 - -525) + (1 - -3 - (-3 + -2))?
-37
Evaluate (-11 - 13) + -71 + 56 + (0 - 53).
-92
Calculate -1163 + 1127 - (1 - 27).
-10
Evaluate (-22 - -21) + (-23 - -25) + -57.
-56
Calculate (-6 - 46) + (1 - -19 - (-22 - (6 - 38))).
-42
What is 81 - 3 - (-4075 + 4068)?
85
What is -111 - -201 - (7 - (5 + 4 + -1 - 0))?
91
Evaluate 2 + -36 - ((-16 - -26 - -1) + (-8 - 1)).
-36
Evaluate -3 + 12 - (2 + 1) - (56 + 68 + -131).
13
Calculate (11 - 72) + -99 - -108.
-52
What is the value of -117 + (158 - (24 - 87))?
104
-6 + (9 + (-3 - -13) - -22)
35
Evaluate (101 - (24 + -36)) + -29.
84
What is the value of -1 + (5 - 6) + (28 - 35)?
-9
What is the value of (18 - (43 + -14)) + 2 + 0?
-9
Calculate -12 - (-28 - (5 - (4 + 17 + -4))).
4
Calculate 47 - (-58 + 35 - -38).
32
Evaluate (-1 - 1 - 86) + 86 + -31 + 6 + -61.
-88
Calculate (21 + -19 + -23 - -30) + (-94 - 5).
-90
Evaluate -79 - (-44 + -8 + 7).
-34
Calculate 1 + (7 - 12 - (-26 - (13 + -5))).
30
Evaluate 15823 + -15969 + (66 - 0).
-80
Calculate -8 - (38 + (13 - 8) - 3 - (-9 - -8)).
-49
-2029 + 1898 - (-151 + 2)
18
5 + 9 - (-5 + (6 + -7 - 0))
20
-194 - -239 - (-32 + -59)
136
What is (-1253 - -1288) + (-2 - -13)?
46
What is the value of 24 - (98 + 23 + -42) - (5 + 0)?
-60
What is the value of 15 + (-9 + -1 - (-35 - (-96 - -72)))?
16
Evaluate (-107 - -309) + -99 + 2 + 3.
108
-6 + 7 + 7 + -32
-24
What is (-47 - -117) + 33 - (-2 - (-11 - (2 - -1)))?
91
Evaluate (25 - (19 + -15)) + 0 - (56 + 48).
-83
What is 5 + 12 + -4 + (1 - 3) + -15 + -29?
-33
What is 99 - (-44 + 104) - 12?
27
What is the value of 2 + (-3 - (-70 - 3) - (102 - 38 - 56))?
64
What is the value of (9 - 1 - 0) + 2 + -81 + (4 - -5)?
-62
Calculate -95 + -2 + (16 - (10 - -13 - 18)) + 12.
-74
-28 - (-83 + (-104 - -168))
-9
Evaluate 46 + ((10 - -2) + -2 + -45 - -17).
28
Evaluate -9 + -5 - (13 + (-14 - -4)) - -76.
59
Evaluate (20 - 4) + (19 + 13 - 15) + -7.
26
Evaluate -3 - 1 - (-4 + 3 + -8 + -55 + 55).
5
What is the value of 1 + (20 - -7) + (-51 - -83)?
60
Calculate (223 - 214) + -1 + -20.
-12
(-125 - 13) + (3 - (2 - 7 - (-5 - -9)))
-126
What is (11 - 12) + -12 + -31 + 6 + 3 + -1?
-36
Evaluate (10 - 2 - -6) + (0 + -37 - (-51 + 46)).
-18
Calculate 153 - 0 - (1232 + -1162).
83
Evaluate ((4 - 2) + -3 - (40 - -2)) + (1716 - 1711).
-38
What is -1 + -37 - ((-156 - 172) + 332)?
-42
Calculate 16 - (-20 - (86 - (34 - 34))).
122
Evaluate -154 + 1 + -95 + 151 + -29.
-126
What is 0 + 17 - ((-306 - -266) + (-6 - -55))?
8
Evaluate 6 + -19 + -1 + (36 - 44) - 5 - -10.
-17
Calculate (415 - 404) + (-19 - -28) + -1 + 2.
21
Evaluate 5 + -27 + 18 + 11 + -15.
-8
What is -48 - (40 - 8) - -59?
-21
What is the value of -14 - (-64 + (1 + 10 - -2))?
37
What is -83 + 2 + (10731 - 10616)?
34
Evaluate 50 - (-26 + -6 - -79 - 50).
53
What is 135 - (1 - -2 - -21 - -1)?
110
What is the value of -23 + 34 + 11 + 52 + 18?
92
-26 + (94 - 24) + -25
19
What is -48 + (-514 + 530 - (3 - (2 - 1)))?
-34
What is -20 - (99 - (-88 + 183))?
-24
Evaluate (-74 - -75 - (6 + -12)) + -18.
-11
Calculate -10 - (5 + (95 + -7 - (-6 + (-7 - -8)))).
-108
Calculate (54 - -14) + -694 + 606.
-20
What is (23 + 10 - 24) + (-30 - 51)?
-72
(3 - (0 + -1 + 0) - -51) + (-41 - -33)
47
-19 - (-78 + 54 - 57)
62
Calculate -9 + 1 + -14 + -5 + 4 + 21.
-2
What is 0 + 1 - 21 - (2944 - 2949)?
-15
50 + (-45 - (16 - 15))
4
Calculate -11 + 60 + 25 + -96.
-22
1 + 42 + -68 + 2
-23
Evaluate (98 - (-62 + 66)) + -38.
56
Calculate 115 + 59 + -13 + -80.
81
What is (-123 - (-4 + 6 - 2)) + (13 - -1) - -3?
-106
(19 - 6 - -1) + 3 + -3
14
Evaluate (-4 - (23 + -48)) + -8 + (30 - 4) - -1.
40
What is 17 + 79 - (15 + (15 - 21) + -3 + 4)?
86
Calculate -6 + 0 + 43 + -107 + 66 - -10.
6
What is the value of -7 + 50 - (-67 + 94)?
16
Evaluate -8 - (-20 + (2 - -18 - (-63 + 75))).
4
Evaluate 8 - (-22 + 30 + (8 + -12 - -5 - -53)).
-54
Calculate 85 - (39 - (18 + -18)).
46
Evaluate -20 + -70 + 52 - -6.
-32
Calculate 12 + 6 + 15 + -31 + -8 + (-47 - 1).
-54
Calculate -37 + 41 + -48 + 29.
-15
What is -14 - (48 + -42 + 19)?
-39
103 + -60 + -6 + -17
20
Calculate 10 + (1 - 1) + 15 + -29.
-4
What is the value of 18 + 3 + (48 - (6 + 18)) + -9?
36
Evaluate 19 + -2 + (-8 + -1 - (-135 - -121)).
22
What is the value of 79 + (-33 - -2 - -40) + -40?
48
What is the value of 47 - (-10 - (-7 - (3 - (-10 - (3 - 5)))))?
39
Calculate (3 + -4 - 4) + 14 + (2 - 14).
-3
Calculate -19 + (42 - -12) + -106 - -32.
-39
What is -41 - (-16 + -11 - 5)?
-9
Calculate (-8 - (2 + -7)) + -31 + 43.
9
Calculate (133 - (3 + -4)) + -87 + 70 + 9.
126
What is the value of -7 + (-43 - -22) + (0 - 10)?
-38
Calculate (-41 + 8 - (-42 - -6)) + 51.
54
Calculate (-9 - (-4 + -56)) + -19.
32
What is 137 + -161 - (-55 + 6)?
25
What is the value of -87 + (-16 - 0) + (3 - -3) + -1?
-98
What is the value of -17 - ((-5 - (8 + -21)) + -3 - (3 + 3))?
-16
-18 + 73 + 3 + 39
97
Calculate 1 + 55 + (-2580 - -2550).
26
Calculate -131 - (-7 + (3 + 2 - (25 - 54 - -30))).
-128
Evaluate (10 - -12 - 23 - -11) + 51.
61
What is -1 - 9 - (-18 + -18 + (71 - 50))?
5
What is 0 + 23 + -1 + -3 + (-350 - -338)?
7
Calculate 4 - (15 + -1 + 14 + (11 - -1)).
-36
20 - (-25 - -94) - 21 - 16
-86
Evaluate 28 - (7 - -4 - -8).
9
What is 4 - (-4 - 18) - (-19 + 117)?
-72
What is the value of (-5 - (-10 + 6)) + -342 + 311?
-32
What is -7 - (14 + (-23 - -11 - -5))?
-14
Calculate -7 + (-12 - (4 + 11 + 10)) - (3 - 9).
-38
What is the value of -46 + 31 + -4 + (65 - 4) + 7?
49
Calculate (-46 - (38 - 127)) + -3.
40
What is the value of (13 - (1 + 1 - -1)) + (-154 - (-46 + -22))?
-76
Calculate -5 + 0 + 0 + (-672 - -1452 - 737).
38
-1 - -46 - (1 + -9 + 31 + -14)
36
(-50 - 13) + 20 - -24
-19
What is the value of 53 - (4 + -70 + 59)?
60
What is (41 - 13) + -49 + 36 + -55?
-40
(-2 - 69) + 1 + -37 + 76 + 18 + -46
-59
Evaluate (-82 - -47 - 29) + 126.
62
Calculate 34 + (-58 - 119) + (7 - -23).
-113
Calculate 2 + -4 + 16 - (46 - (37 - -12)).
17
-1250 - -1194 - ((-6 - -4) + 7)
-61
Calculate 61 + 16 + -3 + (27 - 19).
82
What is the value of 60 + (-6 + -11 - 20)?
23
What is 1 + 9 - (7 - (-6 - -19 - 0) - -35)?
-19
What is 12 + (-21 + 12 - 6 - -22 - (-2 - 2))?
23
What is (-10 - -110) + -18 - 24 - ((-4 - 2) + 2)?
62
What is 54 + -64 + 14 + 12?
16
6 + (64 - 76) + (2 - (26 - -4 - 0))
-34
Evaluate -30 + 5 + (226 - 201).
0
Evaluate 1 + (-7 - (14 - 24 - 2) - 11).
-5
Evaluate -4 + -7 + 8 - (16 - (2 + -2)).
-19
What is -70 + (278 - 90 - 39)?
79
0 + -39 - (-1576 + 1583)
-46
Calculate 253 + (-71 - (138 + -63)).
107
What is (0 - 0) + -111 - (90 - (213 + -39) - -80)?
-107
Calculate (19 - -1 - (9 + 5)) + 2.
8
Evaluate (6 + -2 - 1) + (58 + -39 - 11).
11
What is the value of 59 - (12 + 11) - -4?
40
What is (4 - 25) + 19 + (30 - -8) + 6?
42
Evaluate -20 - (-5 + 1 - (-12 + -2 + (-53 - -63))).
-20
What is the value of -12 - (18 + (-9 - 24)) - (-53 - (0 - 3))?
53
-65 + 63 + (-37 - -9)
-30
What is -20 - (-4 + -1) - -45 - -23?
53
Calculate -1 - (-226 - -229 - (-1 + -21)).
-26
What is the value of 32 + (8 - 41) + 23?
22
Calculate 114 + 22 + 57 + -84.
109
What is the value of (50 - -31) + -31 + -32?
18
Calculate 0 - -71 - (46 - 33).
58
What is the value of 5 + (56 - (29 - 0))?
32
What is 59 + (9 - 30) + -79?
-41
Evaluate -5 + 41 + -3 + (11 - 0 - (-1 + 20)).
25
Calculate (-1 - -8 - (22 + -40 - -33)) + 48 + -1.
39
595 + -560 - (81 - -11 - 11)
-46
3 - (22 - (-11 + -14 + 28 + -121))
-137
8 + (26 - ((3 - 6 - -11) + -1))
27
(-3